21
1522513 (base 6) to base 3
11111202000
What is 533ba1 (base 15) in base 11?
2266375
What is 14151556 (base 7) in base 2?
101000011001000111100
Convert -13bb1b (base 15) to base 8.
-3501134
c5ce5 (base 15) to base 8
2311132
What is -20111102200 (base 3) in base 8?
-371622
74969 (base 12) to base 5
14402231
What is 812148 (base 10) in base 7?
6621531
110101102 (base 4) to base 13
2ba38
What is 176a88 (base 13) in base 6?
20321524
What is -114610 (base 7) in base 15?
-62c1
Convert 2202432 (base 5) to base 15.
b347
What is -7de53a (base 15) in base 9?
-12287781
2432135 (base 8) to base 7
5453516
-20455423 (base 7) to base 6
-101013051
-101101010001001101101 (base 2) to base 11
-923531
Convert -120122131 (base 4) to base 11.
-69147
What is -20151111 (base 6) in base 11?
-362600
Convert 17286d9 (base 14) to base 12.
399601b
Convert -1111324 (base 12) to base 7.
-36455533
Convert -224030 (base 6) to base 9.
-28080
What is 2a78a (base 14) in base 11?
72511
6de6 (base 16) to base 6
334130
Convert 1023020132 (base 4) to base 9.
518125
What is -25263242 (base 7) in base 2?
-1000101101101111011100
-ec22b (base 16) to base 15
-1418ab
Convert -47398 (base 12) to base 3.
-11212010022
82ff0 (base 16) to base 6
15300024
-1010001101101000001 (base 2) to base 14
-89d61
2117959 (base 11) to base 8
16163604
What is 18181418 (base 9) in base 2?
100010111001001011100000
-123103 (base 7) to base 8
-54242
Convert -4934266 (base 10) to base 7.
-56640421
Convert -2a6b4 (base 15) to base 11.
-93629
Convert 3024351 (base 8) to base 6.
25025213
Convert 57252 (base 8) to base 6.
304110
Convert 237668 (base 12) to base 2.
10001011110111110000
-559527 (base 12) to base 11
-8519a0
What is ddb295 (base 14) in base 7?
120635345
What is -555513 (base 7) in base 3?
-11222110000
-120121001 (base 4) to base 11
-69073
Convert -20311321032 (base 4) to base 12.
-939466
Convert 12a033 (base 11) to base 4.
301232133
-115522 (base 11) to base 12
-89a80
What is 31020132302 (base 4) in base 7?
41155523
Convert 342335 (base 6) to base 9.
43785
Convert 281504 (base 10) to base 13.
9b192
What is b7544 (base 12) in base 14?
63b5a
-122121332 (base 4) to base 9
-174325
Convert -3a7ab (base 13) to base 6.
-2200305
Convert -8682 (base 14) to base 7.
-124522
88041 (base 10) to base 13
310c5
What is 202121102122 (base 3) in base 10?
405638
Convert 2212121022210 (base 3) to base 2.
101110100111011000100
Convert -101100414 (base 5) to base 8.
-1437614
What is 216054 (base 12) in base 10?
528832
Convert 3167059 (base 12) to base 13.
1c21a25
What is 5228096 (base 10) in base 5?
2314244341
53180 (base 12) to base 4
122220300
-2404 (base 6) to base 16
-244
Convert -880707 (base 10) to base 9.
-1582083
21264 (base 8) to base 15
2974
Convert -10120121212 (base 3) to base 16.
-11327
Convert -4326781 (base 9) to base 8.
-10665227
What is ab1802 (base 15) in base 16?
7c729a
What is 208513 (base 11) in base 15?
68b99
-2a5563 (base 12) to base 9
-1308043
What is 6eaaf (base 16) in base 13?
12b42b
What is 65c43 (base 14) in base 16?
3c363
2500466 (base 8) to base 3
1021222100201
Convert 1010011110101000100101 (base 2) to base 9.
5146050
What is 6857c6 (base 14) in base 3?
20200100001101
1461316 (base 10) to base 8
5446104
1000022122220 (base 3) to base 2
10000011010010011100
Convert 8408f (base 16) to base 9.
1013765
Convert -403bab7 (base 12) to base 9.
-24560514
-303151 (base 7) to base 12
-259a7
What is 238489 (base 16) in base 10?
2327689
Convert 1001001110110001001 (base 2) to base 9.
510821
What is -78a3c0 (base 13) in base 4?
-22313311330
What is 3cf8e (base 16) in base 2?
111100111110001110
What is 172440 (base 12) in base 8?
1411360
What is 6343042 (base 9) in base 3?
20101110001102
Convert a641 (base 15) to base 13.
13009
Convert 166318 (base 12) to base 10.
384068
Convert -4140221000 (base 5) to base 16.
-820df2
What is a8006 (base 16) in base 14?
13cac6
What is 1a6337 (base 11) in base 12?
13294a
-14427 (base 10) to base 5
-430202
What is -323102322 (base 4) in base 7?
-2031042
Convert 11011011001101010 (base 2) to base 3.
12200221211
Convert -22910 (base 14) to base 16.
-14882
113212031 (base 4) to base 5
11043103
-193536b (base 12) to base 6
-305310215
What is 37a496a (base 12) in base 4?
221220321202
261a770 (base 13) to base 3
211110021020200
Convert 806744 (base 10) to base 7.
6600011
-30346564 (base 8) to base 10
-6409588
Convert 6c833 (base 14) to base 16.
40b4d
What is -1120323010 (base 4) in base 6?
-11450124
Convert 4432433012 (base 5) to base 11.
54a5260
10011022011211 (base 3) to base 7
20162044
11112112221122 (base 3) to base 2
1001001100111011000000
What is -22203004 (base 5) in base 10?
-194129
What is -225225113 (base 6) in base 10?
-4171653
Convert 2632a (base 15) to base 5.
12402330
Convert 30235 (base 11) to base 16.
acab
Convert -21200220 (base 4) to base 15.
-b81c
What is -2529a0 (base 11) in base 12?
-173000
What is 1053176 (base 12) in base 7?
35210364
-72ea7 (base 16) to base 2
-1110010111010100111
2924b (base 13) to base 10
77296
Convert ca605 (base 14) to base 12.
1b7411
What is -473317 (base 9) in base 8?
-1053631
49107 (base 12) to base 9
160277
-100123311231 (base 4) to base 7
-51422511
Convert -1165001 (base 11) to base 8.
-7567152
-10503034 (base 7) to base 9
-1634361
220001102121110 (base 3) to base 2
110000110000110010001010
-16650001 (base 7) to base 11
-a21967
Convert -175307 (base 8) to base 12.
-3119b
Convert 3297925 (base 10) to base 9.
6175811
a87a (base 15) to base 7
205660
-1573125 (base 8) to base 9
-764804
What is -21882325 (base 9) in base 8?
-50415757
Convert -12000021011 (base 3) to base 13.
-35b63
212445054 (base 6) to base 14
701c14
What is -15164355 (base 8) in base 9?
-6464458
Convert -431513151 (base 6) to base 2.
-11101001010101001111011
-131204221 (base 5) to base 2
-10011110000100001100
-107231 (base 14) to base 5
-120314332
What is 10000011110100100100 (base 2) in base 16?
83d24
-2316002 (base 9) to base 6
-42451302
231102003 (base 4) to base 7
1401513
What is 214754 (base 8) in base 7?
420262
Convert -2150a45 (base 13) to base 14.
-14ca103
102003310333 (base 4) to base 10
4734271
-4a1b2b (base 12) to base 7
-13152065
What is -23a571 (base 13) in base 14?
-1822a4
Convert -1437927 (base 10) to base 16.
-15f0e7
What is 2a509 (base 12) in base 8?
164131
Convert -131011011 (base 4) to base 6.
-2315233
6a52 (base 14) to base 7
104632
What is -1163005 (base 7) in base 2?
-100100100110001000
What is a1045 (base 11) in base 6?
3100114
Convert -110011000010010001 (base 2) to base 11.
-133068
Convert 1124717 (base 8) to base 6.
10314515
Convert 17750848 (base 9) to base 12.
2bb7408
425837 (base 10) to base 6
13043245
-12201212011 (base 3) to base 15
-236b1
Convert 19a1aa (base 11) to base 4.
1022303003
What is -1760330 (base 10) in base 13?
-498320
4541a7 (base 13) to base 6
55031011
What is 1747b1 (base 14) in base 3?
1112121210012
What is 10211111020 (base 3) in base 14?
1d6cc
What is -712680 (base 9) in base 7?
-3405042
What is 15703473 (base 8) in base 3?
20211212220110
1143734 (base 9) to base 13
188ca4
Convert 135a6 (base 15) to base 14.
1886b
Convert 2134633 (base 11) to base 3.
21001201202210
Convert -2213113222 (base 4) to base 16.
-a75ea
What is -95b284 (base 12) in base 9?
-4400741
What is -1001111000011010010000 (base 2) in base 9?
-4777258
Convert -5ba044 (base 12) to base 5.
-340131323
Convert -10210120121 (base 3) to base 15.
-17254
-1ba1144 (base 12) to base 13
-12c9310
-1431005 (base 8) to base 3
-202121221211
Convert -5200608 (base 9) to base 12.
-b1a445
Convert 11456157 (base 8) to base 14.
496299
221437 (base 11) to base 8
1261727
Convert -121db (base 16) to base 12.
-36b37
What is -984c (base 14) in base 12?
-132a4
Convert -2878a (base 16) to base 6.
-3315242
What is -5813444 (base 10) in base 7?
-100261550
-150670 (base 8) to base 11
-37378
Convert 638071 (base 13) to base 15.
310a74
What is 1523a7d (base 15) in base 6?
1303543031
115644 (base 11) to base 16
2cb51
-2313004 (base 5) to base 14
-11257
Convert c23c (base 14) to base 12.
17392
What is -11201344 (base 5) in base 9?
-162430
71641 (base 8) to base 3
1111121100
4aa4696 (base 11) to base 12
2b69173
Convert -227550 (base 9) to base 15.
-2a7d3
What is -3a324a5 (base 11) in